factors of 5905.
5, 1181
What are the prime factors of 23237304?
2, 3, 19, 131, 389
What are the prime factors of 152808?
2, 3, 6367
List the prime factors of 26267.
26267
What are the prime factors of 3884511?
3, 193, 6709
List the prime factors of 1035513.
3, 115057
What are the prime factors of 300666?
2, 3, 50111
List the prime factors of 159480.
2, 3, 5, 443
What are the prime factors of 196239?
3, 65413
List the prime factors of 1112292.
2, 3, 3433
What are the prime factors of 663600?
2, 3, 5, 7, 79
List the prime factors of 14212459.
17, 23, 163, 223
List the prime factors of 1686236.
2, 421559
List the prime factors of 257818.
2, 11, 11719
What are the prime factors of 16164874?
2, 11, 66797
What are the prime factors of 4543048?
2, 567881
What are the prime factors of 2599650?
2, 3, 5, 53, 109
List the prime factors of 186552.
2, 3, 2591
List the prime factors of 5036266.
2, 2518133
List the prime factors of 9399583.
2719, 3457
List the prime factors of 1149187.
13, 109, 811
What are the prime factors of 89673?
3, 71, 421
What are the prime factors of 304923?
3, 101641
What are the prime factors of 164508?
2, 3, 13709
What are the prime factors of 892254?
2, 3, 11, 1229
What are the prime factors of 2318666?
2, 7, 29, 5711
List the prime factors of 3114668.
2, 778667
List the prime factors of 88353.
3, 9817
What are the prime factors of 484995?
3, 5, 7, 31, 149
List the prime factors of 135289.
7, 11, 251
List the prime factors of 434312.
2, 233
What are the prime factors of 1751?
17, 103
List the prime factors of 11214532.
2, 7, 29, 1973
What are the prime factors of 1640349?
3, 182261
List the prime factors of 6556111.
6556111
What are the prime factors of 2093771?
17, 29, 31, 137
List the prime factors of 5144333.
1213, 4241
What are the prime factors of 459768?
2, 3, 19157
List the prime factors of 2715581.
11, 173, 1427
What are the prime factors of 6576659?
71, 211, 439
List the prime factors of 11937397.
11937397
What are the prime factors of 282475?
5, 11299
What are the prime factors of 12178535?
5, 2435707
List the prime factors of 4781060.
2, 5, 239053
What are the prime factors of 2067969?
3, 263, 2621
What are the prime factors of 237125?
5, 7, 271
List the prime factors of 17733.
3, 23, 257
What are the prime factors of 6596269?
607, 10867
List the prime factors of 5584911.
3, 1861637
List the prime factors of 7300949.
73, 103, 971
What are the prime factors of 719241?
3, 47, 5101
List the prime factors of 812200.
2, 5, 31, 131
What are the prime factors of 481134?
2, 3, 17, 53, 89
List the prime factors of 4386359.
19, 230861
What are the prime factors of 226081?
19, 73, 163
What are the prime factors of 12188115?
3, 5, 31, 8737
What are the prime factors of 1399407?
3, 19, 24551
List the prime factors of 4232345.
5, 13, 19, 23, 149
List the prime factors of 3711058.
2, 13, 142733
List the prime factors of 4380516.
2, 3, 7, 17383
What are the prime factors of 1387655?
5, 277531
What are the prime factors of 78282?
2, 3, 4349
List the prime factors of 330179.
73, 4523
List the prime factors of 9177087.
3, 3059029
List the prime factors of 7606391.
13, 585107
List the prime factors of 1337038.
2, 101, 6619
List the prime factors of 1241399.
157, 7907
What are the prime factors of 6641441?
17, 390673
List the prime factors of 4662908.
2, 1165727
What are the prime factors of 1470401?
1470401
What are the prime factors of 19057529?
31, 614759
List the prime factors of 5108106.
2, 3, 851351
List the prime factors of 313158.
2, 3, 19, 41, 67
What are the prime factors of 6793776?
2, 3, 11, 4289
What are the prime factors of 1303241?
1303241
List the prime factors of 967118.
2, 79, 6121
List the prime factors of 3449866.
2, 7, 31, 7949
List the prime factors of 710025.
3, 5, 9467
List the prime factors of 9942389.
29, 342841
List the prime factors of 1613628.
2, 3, 67, 223
List the prime factors of 4860190.
2, 5, 373, 1303
What are the prime factors of 437638?
2, 218819
What are the prime factors of 406066?
2, 191, 1063
List the prime factors of 17762.
2, 83, 107
List the prime factors of 17186219.
919, 18701
List the prime factors of 294738.
2, 3, 49123
List the prime factors of 9924973.
19, 1447
List the prime factors of 286462.
2, 11, 29, 449
What are the prime factors of 3933239?
17, 231367
What are the prime factors of 483601?
281, 1721
List the prime factors of 4430938.
2, 2215469
What are the prime factors of 1146804?
2, 3, 227, 421
What are the prime factors of 171414?
2, 3, 89, 107
What are the prime factors of 1532387?
433, 3539
List the prime factors of 3390234.
2, 3, 565039
List the prime factors of 988.
2, 13, 19
List the prime factors of 80177.
80177
List the prime factors of 399144.
2, 3, 16631
What are the prime factors of 1183655?
5, 11, 21521
List the prime factors of 9049991.
47, 192553
List the prime factors of 518891.
17, 131, 233
What are the prime factors of 104344?
2, 13043
List the prime factors of 25076.
2, 6269
What are the prime factors of 8369187?
3, 2789729
What are the prime factors of 332455?
5, 66491
List the prime factors of 11060401.
11, 23, 43717
List the prime factors of 1279434.
2, 3, 13, 47, 349
List the prime factors of 104260.
2, 5, 13, 401
List the prime factors of 15594223.
61, 151, 1693
What are the prime factors of 13309136?
2, 831821
What are the prime factors of 4320616?
2, 47, 11491
What are the prime factors of 3592840?
2, 5, 89821
List the prime factors of 294634.
2, 179, 823
List the prime factors of 41607543.
3, 163, 85087
List the prime factors of 533552.
2, 33347
List the prime factors of 32296904.
2, 199, 20287
What are the prime factors of 14222248?
2, 1777781
List the prime factors of 387392.
2, 6053
List the prime factors of 18700613.
18700613
What are the prime factors of 1317277?
13, 107, 947
List the prime factors of 1752721.
1752721
List the prime factors of 1511841.
3, 503947
List the prime factors of 150616.
2, 67, 281
List the prime factors of 14255210.
2, 5, 1425521
What are the prime factors of 9252203?
59, 156817
List the prime factors of 828882.
2, 3, 46049
List the prime factors of 712033.
7, 101719
What are the prime factors of 2894885?
5, 7, 107, 773
List the prime factors of 977067.
3, 7, 13, 1193
List the prime factors of 4460235.
3, 5, 13, 89, 257
List the prime factors of 386303.
386303
What are the prime factors of 3455094?
2, 3, 575849
List the prime factors of 598339.
7, 12211
What are the prime factors of 1785053?
23, 77611
List the prime factors of 11687932.
2, 1453, 2011
List the prime factors of 7778510.
2, 5, 37, 21023
List the prime factors of 7220293.
941, 7673
List the prime factors of 2351753.
31, 107, 709
What are the prime factors of 6929066?
2, 911, 3803
List the prime factors of 519621.
3, 173207
List the prime factors of 275765.
5, 7, 7879
List the prime factors of 6255.
3, 5, 139
List the prime factors of 31355604.
2, 3, 7, 124427
List the prime factors of 4739166.
2, 3, 263287
What are the prime factors of 1403714?
2, 13, 4153
List the prime factors of 990116.
2, 247529
What are the prime factors of 203505?
3, 5, 13567
List the prime factors of 229570.
2, 5, 11, 2087
What are the prime factors of 4234601?
7, 67, 9029
What are the prime factors of 286215?
3, 5, 19081
List the prime factors of 736642.
2, 439, 839
List the prime factors of 1950495.
3, 5, 17, 7649
List the prime factors of 8877091.
8877091
List the prime factors of 245176.
2, 19, 1613
List the prime factors of 218689.
29, 7541
List the prime factors of 618531.
3, 206177
List the prime factors of 27786615.
3, 5, 101, 18341
What are the prime factors of 184803?
3, 229, 269
List the prime factors of 1040755.
5, 163, 1277
What are the prime factors of 60109?
7, 31, 277
List the prime factors of 86806.
2, 43403
List the prime factors of 2605001.
7, 563, 661
What are the prime factors of 204611?
11, 19, 89
What are the prime factors of 332113?
332113
What are the prime factors of 49214?
2, 11, 2237
What are the prime factors of 2850129?
3, 316681
List the prime factors of 234978.
2, 3, 39163
What are the prime factors of 205491?
3, 11, 13, 479
List the prime factors of 209888.
2, 7, 937
What are the prime factors of 4634880?
2, 3, 5, 17, 71
What are the prime factors of 